-20303244231?
-20303244221
In base 13, what is 34 + c404a6?
c4050a
In base 11, what is 980 + 38808?
39688
In base 5, what is -240 + 1422243122?
1422242332
In base 3, what is -122 - -201112010100?
201112002201
In base 12, what is -1 + -27a99b70?
-27a99b71
In base 16, what is -18862a9c - 0?
-18862a9c
In base 15, what is -7e7d416 + -3?
-7e7d419
In base 6, what is -123 + -15442555?
-15443122
In base 2, what is 101000111101100101011010110 + -100?
101000111101100101011010010
In base 5, what is -1222022 - -102430?
-1114042
In base 16, what is 2 + 7a8639?
7a863b
In base 13, what is 12 + -5198592?
-5198580
In base 4, what is 1 - 11032003030?
-11032003023
In base 7, what is 2465112256 + -2?
2465112254
In base 12, what is -5 + 3286316?
3286311
In base 11, what is 743363 - -5?
743368
In base 9, what is 0 + 123410841?
123410841
In base 16, what is -3 - -2348da0?
2348d9d
In base 14, what is -292169 - 6b?
-2921d6
In base 7, what is -1261 - 345524?
-350115
In base 4, what is -110 - -1001310332302?
1001310332132
In base 3, what is 0 + 10102001011120000?
10102001011120000
In base 12, what is 165 - 181847?
-1816a2
In base 4, what is 1223120323211 + 0?
1223120323211
In base 9, what is -17061626 - -35?
-17061581
In base 11, what is -aa14967 + 3?
-aa14964
In base 8, what is 11635 - 11710?
-53
In base 11, what is 4 - -11387456?
1138745a
In base 16, what is -1b9c56c + 4?
-1b9c568
In base 2, what is -10 + -1011101000100000111011101101?
-1011101000100000111011101111
In base 3, what is 12111212 + 112210?
20001122
In base 2, what is 101001100000101111010110 + -1?
101001100000101111010101
In base 11, what is -164573 - -212?
-164361
In base 6, what is 20330303 + -21?
20330242
In base 2, what is 100 + -1000110111111110101111010100?
-1000110111111110101111010000
In base 3, what is 20 - 1112201011122?
-1112201011102
In base 3, what is 11 - 120110020100200210?
-120110020100200122
In base 5, what is -3 - -43102222?
43102214
In base 8, what is 4 + 7040154?
7040160
In base 8, what is 23433076 + -75?
23433001
In base 5, what is 310431330214 - 12?
310431330202
In base 14, what is 130d9 + 115?
13210
In base 5, what is -13440334 - 202?
-13441041
In base 3, what is 0 + -110120122101210?
-110120122101210
In base 6, what is -3 + 3012012121?
3012012114
In base 13, what is -288 + 969?
6b1
In base 8, what is 3 - -67715740?
67715743
In base 2, what is 1100010011100010 - -11001?
1100010011111011
In base 13, what is 228a2 - -212?
22ab4
In base 11, what is 34824 - 3375?
3145a
In base 5, what is -11322313 + -2222?
-11330040
In base 8, what is -1 - -13216356?
13216355
In base 5, what is -21 - -302132340?
302132314
In base 12, what is 1a - -24bb?
2519
In base 12, what is ba867 - 39?
ba82a
In base 12, what is 3 - 12b7bb85?
-12b7bb82
In base 8, what is -506275004 - 0?
-506275004
In base 2, what is -1101100110111110110100 + 101?
-1101100110111110101111
In base 2, what is -101001100011010100110 - -1000000?
-101001100011001100110
In base 12, what is 463a96 - 4b?
463a47
In base 13, what is -3cb + -1391a0?
-13959b
In base 13, what is -10428 - 45?
-10470
In base 3, what is -10112212 + -111220?
-11001202
In base 7, what is 2425300 - 5?
2425262
In base 10, what is -5 - -3708630?
3708625
In base 8, what is 47 - -27402464?
27402533
In base 3, what is -10211010201 - -121202101?
-10012101100
In base 12, what is -481061 + -2?
-481063
In base 12, what is 3500aa9 + 7?
3500ab4
In base 13, what is -82bbb - -c6?
-82ac5
In base 16, what is -1e + -279b7?
-279d5
In base 3, what is -10221220210200 - -1002?
-10221220202121
In base 13, what is -30455 + -9a?
-30522
In base 10, what is 10729 - 417?
10312
In base 9, what is 741564137 - -3?
741564141
In base 9, what is -8856 + 706?
-8150
In base 2, what is 0 + 111010011000100111000?
111010011000100111000
In base 16, what is 3 + -509105?
-509102
In base 9, what is -2818704 - -1?
-2818703
In base 15, what is -353 + -450b?
-485e
In base 9, what is 3 - -28303?
28306
In base 9, what is 1415254101 + -2?
1415254088
In base 7, what is 5 - -1252031650?
1252031655
In base 11, what is -67 + 291aa64?
291a9a8
In base 8, what is 3474313 - -714?
3475227
In base 3, what is -1201002 - 1022001?
-10000010
In base 11, what is a2616 + 34?
a264a
In base 3, what is 22210 + 1000111221002?
1000112020212
In base 10, what is -235371 - 91?
-235462
In base 5, what is -40004241 - -104?
-40004132
In base 12, what is 10260b6 + 10?
1026106
In base 5, what is -41124332 - -3133?
-41121144
In base 14, what is 8b3551 + 20?
8b3571
In base 3, what is 20022111202 + 12212222?
20112101201
In base 10, what is 5532 + 4601?
10133
In base 7, what is 223051304 - -4?
223051311
In base 13, what is 5c16 - 246?
59a0
In base 5, what is -1412442 + -1424?
-1414421
In base 11, what is 2864386 + 5?
2864390
In base 8, what is -72511 + -2247?
-74760
In base 11, what is -8217 + -349?
-8565
In base 4, what is 222112202210 - 2?
222112202202
In base 16, what is -e - -326794?
326786
In base 11, what is -4 - 1a475200?
-1a475204
In base 13, what is -40b + -17c4b?
-18359
In base 9, what is -1453524716 - 3?
-1453524720
In base 13, what is 80ac28 + -21?
80ac07
In base 8, what is 2 - -204235546?
204235550
In base 9, what is 4 + -733362843?
-733362838
In base 9, what is 112 - -8010632?
8010744
In base 8, what is 14051 - 17261?
-3210
In base 9, what is 85 - 141501?
-141405
In base 4, what is 1 - -13011121332330?
13011121332331
In base 9, what is 25221 + 246?
25467
In base 6, what is -13354151 + 54?
-13354053
In base 14, what is 2a94 - -53017?
55aab
In base 13, what is 321 - -99963?
99c84
In base 2, what is -111110100101 + -101010001010?
-1101000101111
In base 15, what is 1 - -18dbd2?
18dbd3
In base 12, what is 54b + 32a924?
32b273
In base 13, what is -12aabc7 - -5?
-12aabc2
In base 8, what is -464526 + 275?
-464231
In base 5, what is -324230 + -11341?
-341121
In base 6, what is -153541112 - -4?
-153541104
In base 7, what is -5 + -41330260?
-41330265
In base 14, what is 19b5d92 - 3?
19b5d8d
In base 3, what is -20012222112 + 1022?
-20012221020
In base 12, what is -5 + 103bb7a6?
103bb7a1
In base 12, what is -5762ba3 - -5?
-5762b9a
In base 16, what is -8a89 - -2fe?
-878b
In base 14, what is 76 + 40664?
406da
In base 14, what is 671c - -1adc?
841a
In base 12, what is a - -112752?
112760
In base 15, what is 8b1d4 - e?
8b1c5
In base 8, what is 7075123 - 4?
7075117
In base 9, what is -3543 + 31817?
27264
In base 16, what is -7f1a3b - 17?
-7f1a52
In base 5, what is -131234 + 13333?
-112401
In base 3, what is 200 + 212122022?
212122222
In base 4, what is 211001221 + -202130?
210133031
In base 13, what is 598 + 57361?
57929
In base 12, what is 5 + -6753571?
-6753568
In base 6, what is -500525335 + -133?
-500525512
In base 14, what is 28 - -6272?
629a
In base 14, what is 610290 - 9?
610285
In base 16, what is -9 - -686453?
68644a
In base 7, what is 15421332 + 23?
15421355
In base 4, what is -132 + -12131300121?
-12131300313
In base 3, what is 21 - 1201122111222002?
-1201122111221211
In base 16, what is 2 - -131f2?
131f4
In base 3, what is -121212201021122 - 0?
-121212201021122
In base 9, what is 47678 - -211?
48000
In base 2, what is -100010101111101110001 + -11101?
-100010101111110001110
In base 7, what is -45662 + -2266?
-51261
In base 6, what is -10 - 210220454?
-210220504
In base 12, what is 2 - -8126b?
81271
In base 8, what is 600 - -275374?
276174
In base 4, what is 31131323231 + -1?
31131323230
In base 14, what is 1d512 - 363?
1d18d
In base 7, what is -4256303116 + 1?
-4256303115
In base 16, what is 0 - -8af7b1?
8af7b1
In base 3, what is 2 + 2011202210011?
2011202210020
In base 6, what is -253101200 - -12?
-253101144
In base 9, what is -27868878 + 4?
-27868874
In base 9, what is -1405671378 + -4?
-1405671383
In base 4, what is 1311 - -12013201233?
12013203210
In base 10, what is -23490 + 5993?
-17497
In base 15, what is 0 + 2255bdb?
2255bdb
In base 14, what is a + c704?
c710
In base 3, what is 12 + 10121020200100?
10121020200112
In base 7, what is 12322553 - -1345?
12324231
In base 6, what is -120513231 - 10?
-120513241
In base 9, what is -1184 + -383406?
-384601
In base 2, what is -10110000 - -100010111000001010?
100010110101011010
In base 7, what is 1230554 + -2626?
1224625
In base 9, what is 25 - -13642?
13667
In base 11, what is 199470 + 286